{"id":2,"date":"2025-04-19T16:07:11","date_gmt":"2025-04-19T16:07:11","guid":{"rendered":"http:\/\/krestenkjaer.dk\/?page_id=2"},"modified":"2025-08-24T09:13:47","modified_gmt":"2025-08-24T09:13:47","slug":"sample-page","status":"publish","type":"page","link":"https:\/\/krestenkjaer.dk\/","title":{"rendered":"Stem p\u00e5 en 8210&#8217;er til Aarhus byr\u00e5d"},"content":{"rendered":"<div class=\"wp-block-image\">\n<figure class=\"aligncenter size-full\"><img loading=\"lazy\" decoding=\"async\" width=\"800\" height=\"1014\" src=\"http:\/\/krestenkjaer.dk\/wp-content\/uploads\/2025\/04\/KrestenS.jpg\" alt=\"\" class=\"wp-image-710\" srcset=\"https:\/\/krestenkjaer.dk\/wp-content\/uploads\/2025\/04\/KrestenS.jpg 800w, https:\/\/krestenkjaer.dk\/wp-content\/uploads\/2025\/04\/KrestenS-237x300.jpg 237w, https:\/\/krestenkjaer.dk\/wp-content\/uploads\/2025\/04\/KrestenS-768x973.jpg 768w\" sizes=\"auto, (max-width: 800px) 100vw, 800px\" \/><\/figure>\n<\/div>\n\n\n<h1 class=\"wp-block-heading\">Stem p\u00e5 en 8210&#8217;er til Aarhus Byr\u00e5d<\/h1>\n\n\n\n<p>Jeg er fra 8210 og er stolt af det. Jeg synes is\u00e6r at foreningslivet er en vigtig del af sammenh\u00e6ngskraften i Aarhus V. Vi skylder alle, der ligger tid og kr\u00e6fter i foreninger, en stor tak. Jeg vil g\u00f8re mit for, at foreninger f\u00e5r endnu bedre vilk\u00e5r i 8210 og i resten af Aarhus. Det g\u00e6lder b\u00e5de sports- og fritidsforeninger, men beboerdemokratier i boligforeninger st\u00e5r ogs\u00e5 mit hjerte n\u00e6rt.<\/p>\n\n\n\n<p>Boligforeningerne i Bispehaven, Herredsvang, Trilleg\u00e5rden og ved Hasle Bakker skal v\u00e6re for alle og en tryg og sikker ramme for b\u00e5de b\u00f8rne-, voksen- og \u00e6ldreliv. Vi skal have gode almene tilbud i alle bydele og det kan et aktivt beboerdemokrati og et st\u00e6rkt samarbejde med kommunen v\u00e6re med til at bakke op om.<\/p>\n\n\n\n<p>Foreningslivet er ogs\u00e5 vigtigt i villakvartererne, hvor mange laves om til private f\u00e6llesveje. Der er det ofte nogle f\u00e5 ildsj\u00e6le, der tr\u00e6kker l\u00e6sset for at overbevise f\u00e6llesskabet om at g\u00e5 sammen i et vejlaug. Der skal kommunen hj\u00e6lpe med at vende dynamikken, s\u00e5 den nemme l\u00f8sning bliver at g\u00e5 sammen; ikke at lurepasse.<\/p>\n\n\n\n<p>Jeg er 49 \u00e5r, bor i Hasle med min kone og to hjemmeboende b\u00f8rn \u2013 den \u00e6ldste er flyttet hjemmefra. Jeg har v\u00e6ret medlem af Socialdemokratiet i over 20 \u00e5r og stiller nu op til byr\u00e5det for f\u00f8rste gang. Jeg har valgt at stille op af samme grund, som jeg valgte at melde mig ind i sin tid, fordi jeg mener at Socialdemokrati er den bedste garant for et samfund, der er gr\u00f8nt, demokratisk og socialt retf\u00e6rdigt.<\/p>\n\n\n\n<p>Jeg h\u00e5ber du vil give mig din stemme, s\u00e5 vi f\u00e5r en 8210&#8217;er i byr\u00e5det.<\/p>\n\n\n\n<p><\/p>\n","protected":false},"excerpt":{"rendered":"<p>Stem p\u00e5 en 8210&#8217;er til Aarhus Byr\u00e5d Jeg er fra 8210 og er stolt af det. Jeg synes is\u00e6r at foreningslivet er en vigtig del af sammenh\u00e6ngskraften i Aarhus V. &#8230;<\/p>\n","protected":false},"author":1,"featured_media":0,"parent":0,"menu_order":0,"comment_status":"closed","ping_status":"open","template":"","meta":{"footnotes":""},"class_list":["post-2","page","type-page","status-publish","hentry"],"jetpack_sharing_enabled":true,"_links":{"self":[{"href":"https:\/\/krestenkjaer.dk\/index.php\/wp-json\/wp\/v2\/pages\/2","targetHints":{"allow":["GET"]}}],"collection":[{"href":"https:\/\/krestenkjaer.dk\/index.php\/wp-json\/wp\/v2\/pages"}],"about":[{"href":"https:\/\/krestenkjaer.dk\/index.php\/wp-json\/wp\/v2\/types\/page"}],"author":[{"embeddable":true,"href":"https:\/\/krestenkjaer.dk\/index.php\/wp-json\/wp\/v2\/users\/1"}],"replies":[{"embeddable":true,"href":"https:\/\/krestenkjaer.dk\/index.php\/wp-json\/wp\/v2\/comments?post=2"}],"version-history":[{"count":9,"href":"https:\/\/krestenkjaer.dk\/index.php\/wp-json\/wp\/v2\/pages\/2\/revisions"}],"predecessor-version":[{"id":804,"href":"https:\/\/krestenkjaer.dk\/index.php\/wp-json\/wp\/v2\/pages\/2\/revisions\/804"}],"wp:attachment":[{"href":"https:\/\/krestenkjaer.dk\/index.php\/wp-json\/wp\/v2\/media?parent=2"}],"curies":[{"name":"wp","href":"https:\/\/api.w.org\/{rel}","templated":true}]}}